= -245. What is the remainder when 220 is divided by b?
40
Suppose l + 5 = 0, 0 = -2*v - 0*l + 3*l + 21. Calculate the remainder when -1*v*(-9 - -2) is divided by ((-1 - (-102)/(-18)) + 7)*18.
3
Suppose -4*r + 52 = -4*f, -r + 15 + 10 = 5*f. Calculate the remainder when (5/r)/(4/552) is divided by 20.
6
Let g(p) = 6*p**3 + 7*p**2 + 6*p + 1. Let d be g(-1). Calculate the remainder when 537 is divided by -20*d/(-14)*21/(-6).
17
Suppose -n - 642 = 2*n. Let g = n + 246. Calculate the remainder when ((-2)/(-4))/(2/508) is divided by g.
31
What is the remainder when 549 is divided by ((-16)/(-5))/(-4)*(21945/38)/(-7)?
21
Let k(s) = s**2 + 3*s - 1. Let y be k(4). Suppose -20*l + y*l = 91. What is the remainder when 22 is divided by l?
9
Suppose 5*y = 4*p + 887 - 347, 135 = -p - 2*y. Let q = 61 + p. Let o = 101 + q. What is the remainder when o is divided by 7?
6
Let a(b) = -145*b + 1322. Let n = -14 - -299. What is the remainder when n is divided by a(9)?
13
Let i(p) be the second derivative of -p**4/6 + 19*p**3/6 - 2*p**2 - 161*p. What is the remainder when i(6) is divided by 12?
2
Suppose 0 = -26*f + 8557 + 1375. Calculate the remainder when 394 is divided by f.
12
Let n(c) = c**3 + 7*c**2 - 12*c - 3. Calculate the remainder when n(-8) is divided by (-1 + -1)/8 + 2190*23/2760.
11
Suppose -12*w - 2144 = -5003 - 4281. Calculate the remainder when w is divided by 135.
55
Let f(u) = -139*u + 3942. Calculate the remainder when f(8) is divided by 21.
16
Let q(x) = 105*x + 151. Let t be q(5). Calculate the remainder when (t/208)/((-1)/(-32)) is divided by 37.
30
Suppose 4*z = t + 360, 4*z + z = -t + 450. Suppose -3*s + z = 3*l, 20*s - 90 = -3*l + 18*s. Calculate the remainder when (56/(-5))/(1/(-10)) is divided by l.
22
Let j = 3557 + -2566. Calculate the remainder when j is divided by 188.
51
Let l = 7295 - 7176. What is the remainder when 236 is divided by l?
117
Suppose -4*d = -4*q - 84, 611*d - 613*d - 5*q = 0. Calculate the remainder when 471 is divided by d.
6
Calculate the remainder when ((-400)/300 - 5434/(-6))*6 is divided by 542.
6
Let b(n) = n**3 + 22*n**2 + 19*n + 30. Let i be (7/(-70)*6)/((-3)/(-105)). Calculate the remainder when b(i) is divided by 19.
15
Suppose -567*u + 562*u = 3*c - 149, u = 6*c - 353. Suppose -2*s - 10 = -3*k, -2*k = -7*k - s + 21. What is the remainder when c is divided by k?
2
Suppose 15*c + 1 = 14*c. Let n(t) = -8*t + 34. What is the remainder when 208 is divided by n(c)?
40
Let n = 175 + -172. Suppose -3*s + 6 = 0, -4*x - n*s + 235 - 21 = 0. Calculate the remainder when 92 is divided by x.
40
Suppose i = -70 - 119. Let m = 277 + i. Calculate the remainder when m is divided by 235/2*28/105 - (-1446)/(-4338).
26
Suppose 31*o + 11*o = 16128. Suppose -5*c + o = -2*p, -2*c + 5*p + 162 = -0*c. What is the remainder when c is divided by 19?
0
Let n = 7405 - 7115. What is the remainder when n is divided by 67?
22
Let l(t) = t**2 - 60. Let q be l(-8). Suppose 0*m - 36 = -m - 2*o, 5*o = -q*m + 135. Calculate the remainder when m is divided by 23.
7
Let k be (-12)/(2 - (-8)/(-2)). Suppose 41*w = 40*w + k. What is the remainder when (4/2)/(-2) + 414/w is divided by 7?
5
Let r(n) = 3*n - 4 - 51*n**2 - n**3 + 7 + 58*n**2 + 6. What is the remainder when 204 is divided by r(4)?
66
Suppose j - 2*w - 102 = 0, 24 = 2*w + 26. What is the remainder when j is divided by 60?
40
Let y = -94 - -163. Let f = 75 - y. Suppose -293 = -4*v - 2*t + 155, 3*t = -f. Calculate the remainder when v is divided by 23.
21
Suppose -11*o - 86 + 9 = 0. Let n(x) = -5*x**2 - 33*x + 30. What is the remainder when 60 is divided by n(o)?
12
Let h be (-2)/4*-5*306/45. Suppose 2 = -16*k + h*k. Suppose -8*b - k*b = -260. Calculate the remainder when b is divided by 7.
5
Let a(n) = -2*n**2 - 29*n + 31. Suppose -2*m - 3*m + 4*v = 58, -51 = 3*m + 3*v. Calculate the remainder when a(m) is divided by 16.
13
Suppose b + 80 = 6*b. Let r be (91/14 - 6)/((-3)/60). What is the remainder when (-572)/(-11) - r/(-2) is divided by b?
15
Let m be 25/2 + ((-5)/(-10) - 0). Suppose 0 = m*c - 17*c - 284. Calculate the remainder when 58 is divided by (-24)/84 + 4/(-14)*c.
18
Let w(d) = -8*d**3 - 2*d - 7. Suppose -5*u + 120 = -85. Calculate the remainder when w(-2) is divided by u.
20
Let y = 17 + 5. Let l(w) be the second derivative of 4*w**3/3 + 21*w**2/2 + 10*w. What is the remainder when l(8) is divided by y?
19
Let b(r) be the third derivative of -r**5/60 + r**4/6 + r**3/2 - 24*r**2. Let q be b(-1). Calculate the remainder when 50 is divided by (3/3 - (-1 - q)) + 26.
24
Let n = -4 + 10. Calculate the remainder when n*(-2 + 9/2) is divided by (-17)/(-6)*1 + (-14)/(-12).
3
Let a = -391 - -413. Suppose -21 = -2*j + s + a, j + 5*s - 16 = 0. Calculate the remainder when 37 is divided by j.
16
Suppose 8*l - 20 = -5*y + 3*l, -5*y + l = -20. Suppose y*v + 18 = 2, 5*v + 396 = 4*s. What is the remainder when s is divided by 8?
6
Let q(m) = -2*m + 3*m + 23 - 2. What is the remainder when q(8) is divided by 26?
3
Let i = 184 - 114. Calculate the remainder when (0 - -1) + i/14 is divided by 3.
0
Let u(s) = 233*s**3 - 3*s + 3. Let r = -116 + 117. Let v be u(r). Let j = -148 + v. Calculate the remainder when j is divided by 30.
25
Suppose 0 = -3*j - 3*h + 336, -5*j = 34*h - 33*h - 540. Calculate the remainder when 465 is divided by j.
37
Let w = -1395 - -1504. Suppose -4*z - 152 - 84 = 4*g, 4*g + 5*z = -241. Let s = g + w. Calculate the remainder when s is divided by 15.
10
Suppose 11*h = 9*h + 5*l + 491, -2*h + l = -495. What is the remainder when h is divided by 33?
17
Suppose 2*y + 156 = -4*v, v + 345 = -2*y - 3*y. Let r = -47 - y. Let p = 72 - 65. What is the remainder when r is divided by p?
0
Let y(a) = a**3 + 30*a**2 + 65*a + 433. What is the remainder when y(-28) is divided by 36?
1
Suppose -16*t = -5*t - 2227 - 1810. What is the remainder when t is divided by 101?
64
Calculate the remainder when 374 is divided by (-4)/(-60)*87*(1 + 2 + 2).
26
Let g = -33 - -36. What is the remainder when ((-10)/6)/(((-1121)/(-1140))/(-59)) is divided by g?
1
Suppose -4*b + 2552 = 4*k, -3*k = -17*b + 15*b + 1271. Calculate the remainder when b is divided by 3 - 61*(-1 + 0).
61
Suppose 4*f - 478 = -3*n, 2*n = 6*n - 8. Let r = f - 87. What is the remainder when r is divided by 9?
4
Let y(k) = -3*k**2 - k - 1. Let b(f) = -7*f**2 - 22*f - 85. Let p(i) = b(i) - 2*y(i). Calculate the remainder when p(-8) is divided by 8.
5
Suppose -57*g - 3 = -56*g. Let d be (-2)/(-6) + (231/9 - 0). Let j = d - g. What is the remainder when 56 is divided by j?
27
Let l = -34630 + 34644. Calculate the remainder when 2757 is divided by l.
13
Suppose 4*t = -4, -629*t = -2*k - 624*t + 719. Calculate the remainder when 717 is divided by k.
3
Let v = 63 + -33. Suppose -d = -27 - v. Suppose 880 = -27*t + 71*t. What is the remainder when d is divided by t?
17
Suppose -96 = -3*b - 3*v, -2*b + 12 = -b - 3*v. Let p(j) = 4*j**2 - 10*j + 5. Calculate the remainder when p(7) is divided by b/54 + 86/4.
21
Let q(v) = -34 + v**2 - 91 - v**2 + v**2 + 22*v - 11. Calculate the remainder when 541 is divided by q(6).
29
Suppose -2 = -v + 9. Suppose -a - 42 = k - 159, 2*k - 3*a = 249. Suppose 16*h - k = v*h. What is the remainder when h is divided by 14?
10
Suppose -l = 2*b - 7, -b + 3*b - 8 = -2*l. Suppose 2*m = -b*d + 12, 0 = d + 4*d + 3*m - 19. Let n = -94 - -96. Calculate the remainder when n is divided by d.
0
Let z = 356 + -151. What is the remainder when z/4 - (-2)/(-8) is divided by (288/(-224))/((-2)/21)*(1 + 1)?
24
Suppose 390 - 4209 = -27*y - 40*y. Calculate the remainder when y is divided by (0 - 95)/(-5)*1.
0
Let p(x) = x**3 - 8*x**2 + 38*x - 19. Let r be 105/10 - -2*4/(-16). What is the remainder when p(r) is divided by 94?
91
Let k = 41 + -9. Suppose 0 = 3*q - 19 + 4, 5*a - 4*q - 65 = 0. What is the remainder when k is divided by (-2)/(-1)*(-3)/(-6) + a?
14
Suppose 39000*q - 333 = 38963*q. Calculate the remainder when -1 + 172 + 0 + -1 is divided by q.
8
Let q(o) = o**2 - 23*o - 218. Let g be q(-8). Suppose 1 + 7 = 4*s. Suppose 4*c - g = -s*c. Calculate the remainder when 6 is divided by c.
1
Let f(r) = r**3 + 27*r**2 + 25*r - 1. Calculate the remainder when -9*(20/(-18))/(6/72) is divided by f(-26).
20
Let x be 5/2 - (-18)/(-12). 